{"id":26,"date":"2024-10-09T18:08:02","date_gmt":"2024-10-09T16:08:02","guid":{"rendered":"https:\/\/ovee-architecture.fr\/?page_id=26"},"modified":"2025-12-01T11:00:22","modified_gmt":"2025-12-01T10:00:22","slug":"ovee","status":"publish","type":"page","link":"https:\/\/ovee-architecture.fr\/index.php\/ovee\/","title":{"rendered":"Ov\u00e9e"},"content":{"rendered":"\t\t<div data-elementor-type=\"wp-page\" data-elementor-id=\"26\" class=\"elementor elementor-26\">\n\t\t\t\t<div class=\"elementor-element elementor-element-0d73da1 e-flex e-con-boxed e-con e-parent\" data-id=\"0d73da1\" data-element_type=\"container\" data-e-type=\"container\">\n\t\t\t\t\t<div class=\"e-con-inner\">\n\t\t\t\t<div class=\"elementor-element elementor-element-8ea3dcf elementor-widget elementor-widget-spacer\" data-id=\"8ea3dcf\" data-element_type=\"widget\" data-e-type=\"widget\" data-widget_type=\"spacer.default\">\n\t\t\t\t<div class=\"elementor-widget-container\">\n\t\t\t\t\t\t\t<div class=\"elementor-spacer\">\n\t\t\t<div class=\"elementor-spacer-inner\"><\/div>\n\t\t<\/div>\n\t\t\t\t\t\t<\/div>\n\t\t\t\t<\/div>\n\t\t\t\t\t<\/div>\n\t\t\t\t<\/div>\n\t\t<div class=\"elementor-element elementor-element-4ff1b20 e-flex e-con-boxed e-con e-parent\" data-id=\"4ff1b20\" data-element_type=\"container\" data-e-type=\"container\">\n\t\t\t\t\t<div class=\"e-con-inner\">\n\t\t\t\t<div class=\"elementor-element elementor-element-768502b elementor-widget elementor-widget-heading\" data-id=\"768502b\" data-element_type=\"widget\" data-e-type=\"widget\" data-widget_type=\"heading.default\">\n\t\t\t\t<div class=\"elementor-widget-container\">\n\t\t\t\t\t<h2 class=\"elementor-heading-title elementor-size-default\">Pr\u00e9stations<\/h2>\t\t\t\t<\/div>\n\t\t\t\t<\/div>\n\t\t\t\t\t<\/div>\n\t\t\t\t<\/div>\n\t\t<div class=\"elementor-element elementor-element-6cdedba e-flex e-con-boxed e-con e-parent\" data-id=\"6cdedba\" data-element_type=\"container\" data-e-type=\"container\">\n\t\t\t\t\t<div class=\"e-con-inner\">\n\t\t\t\t<div class=\"elementor-element elementor-element-a8b958b elementor-widget elementor-widget-spacer\" data-id=\"a8b958b\" data-element_type=\"widget\" data-e-type=\"widget\" data-widget_type=\"spacer.default\">\n\t\t\t\t<div class=\"elementor-widget-container\">\n\t\t\t\t\t\t\t<div class=\"elementor-spacer\">\n\t\t\t<div class=\"elementor-spacer-inner\"><\/div>\n\t\t<\/div>\n\t\t\t\t\t\t<\/div>\n\t\t\t\t<\/div>\n\t\t\t\t\t<\/div>\n\t\t\t\t<\/div>\n\t\t<div class=\"elementor-element elementor-element-8035432 e-grid e-con-boxed e-con e-parent\" data-id=\"8035432\" data-element_type=\"container\" data-e-type=\"container\">\n\t\t\t\t\t<div class=\"e-con-inner\">\n\t\t<div class=\"elementor-element elementor-element-0717856 e-grid e-con-full e-con e-child\" data-id=\"0717856\" data-element_type=\"container\" data-e-type=\"container\" data-settings=\"{&quot;background_background&quot;:&quot;classic&quot;}\">\n\t\t<div class=\"elementor-element elementor-element-0dd8885 e-grid e-con-full e-con e-child\" data-id=\"0dd8885\" data-element_type=\"container\" data-e-type=\"container\">\n\t\t\t\t<div class=\"elementor-element elementor-element-966abd3 elementor-widget elementor-widget-image\" data-id=\"966abd3\" data-element_type=\"widget\" data-e-type=\"widget\" data-widget_type=\"image.default\">\n\t\t\t\t<div class=\"elementor-widget-container\">\n\t\t\t\t\t\t\t\t\t\t\t\t\t\t\t<img fetchpriority=\"high\" decoding=\"async\" width=\"1024\" height=\"1024\" src=\"https:\/\/ovee-architecture.fr\/wp-content\/uploads\/2025\/11\/22-1024x1024.jpg\" class=\"attachment-large size-large wp-image-1773\" alt=\"\" srcset=\"https:\/\/ovee-architecture.fr\/wp-content\/uploads\/2025\/11\/22-1024x1024.jpg 1024w, https:\/\/ovee-architecture.fr\/wp-content\/uploads\/2025\/11\/22-300x300.jpg 300w, https:\/\/ovee-architecture.fr\/wp-content\/uploads\/2025\/11\/22-150x150.jpg 150w, https:\/\/ovee-architecture.fr\/wp-content\/uploads\/2025\/11\/22-768x768.jpg 768w, https:\/\/ovee-architecture.fr\/wp-content\/uploads\/2025\/11\/22-1536x1536.jpg 1536w, https:\/\/ovee-architecture.fr\/wp-content\/uploads\/2025\/11\/22-600x600.jpg 600w, https:\/\/ovee-architecture.fr\/wp-content\/uploads\/2025\/11\/22.jpg 1772w\" sizes=\"(max-width: 1024px) 100vw, 1024px\" \/>\t\t\t\t\t\t\t\t\t\t\t\t\t\t\t<\/div>\n\t\t\t\t<\/div>\n\t\t\t\t<div class=\"elementor-element elementor-element-77fd63d elementor-widget elementor-widget-text-editor\" data-id=\"77fd63d\" data-element_type=\"widget\" data-e-type=\"widget\" data-widget_type=\"text-editor.default\">\n\t\t\t\t<div class=\"elementor-widget-container\">\n\t\t\t\t\t\t\t\t\t<h2 class=\"list-item-content__title\" style=\"caret-color: #000000; color: #7a7a7a; font-family: var(--heading-font-font-family); font-style: normal; font-variant-caps: normal; letter-spacing: var(--heading-font-letter-spacing); margin-right: auto; margin-bottom: 0px; margin-left: auto; font-weight: var(--heading-font-font-weight); line-height: calc(var(--heading-font-line-height) * (1 + (1 - var(--heading-2-size-value))\/25)); font-size: calc(var(--title-font-size-value) * 1rem); text-align: center; max-width: 100%;\">Mission Partielle : <strong>CONCEPTION<\/strong><\/h2><div class=\"list-item-content__description \" style=\"font-style: normal; font-variant-caps: normal; margin-top: 52px; margin-right: auto; margin-left: auto; font-size: calc(var(--body-font-size-value) * 1rem); font-family: Almarai; max-width: 100%;\"><p class=\"\" style=\"margin-bottom: 0px; line-height: var(--body-font-line-height); white-space: pre-wrap;\" data-rte-preserve-empty=\"true\">\u2022 <strong>\u00c9tude de l&#8217;existant<\/strong> : Analyse compl\u00e8te du lieu pour en comprendre les sp\u00e9cificit\u00e9s.<br \/>\u2022 <strong>Esquisses et proposition de concept<\/strong> : Exploration des premi\u00e8res id\u00e9es et orientations cr\u00e9atives.<br \/>\u2022 <strong>Affinement du projet<\/strong> : Plans d\u00e9taill\u00e9s, visuels 3D et ajustements selon vos retours.<br \/>\u2022 <strong>Dossier de conception final<\/strong> : Plans d\u2019ex\u00e9cution, d\u00e9tails techniques, et documents n\u00e9cessaires \u00e0 la r\u00e9alisation..<\/p><\/div>\t\t\t\t\t\t\t\t<\/div>\n\t\t\t\t<\/div>\n\t\t\t\t<\/div>\n\t\t\t\t<\/div>\n\t\t<div class=\"elementor-element elementor-element-a46ec46 e-grid e-con-full e-con e-child\" data-id=\"a46ec46\" data-element_type=\"container\" data-e-type=\"container\" data-settings=\"{&quot;background_background&quot;:&quot;classic&quot;}\">\n\t\t<div class=\"elementor-element elementor-element-060c6d3 e-grid e-con-full e-con e-child\" data-id=\"060c6d3\" data-element_type=\"container\" data-e-type=\"container\">\n\t\t\t\t<div class=\"elementor-element elementor-element-409cb42 elementor-widget elementor-widget-image\" data-id=\"409cb42\" data-element_type=\"widget\" data-e-type=\"widget\" data-widget_type=\"image.default\">\n\t\t\t\t<div class=\"elementor-widget-container\">\n\t\t\t\t\t\t\t\t\t\t\t\t\t\t\t<img decoding=\"async\" width=\"1024\" height=\"932\" src=\"https:\/\/ovee-architecture.fr\/wp-content\/uploads\/2025\/11\/Capture-decran-2025-11-30-a-14.49.10-1024x932.png\" class=\"attachment-large size-large wp-image-1776\" alt=\"\" srcset=\"https:\/\/ovee-architecture.fr\/wp-content\/uploads\/2025\/11\/Capture-decran-2025-11-30-a-14.49.10-1024x932.png 1024w, https:\/\/ovee-architecture.fr\/wp-content\/uploads\/2025\/11\/Capture-decran-2025-11-30-a-14.49.10-300x273.png 300w, https:\/\/ovee-architecture.fr\/wp-content\/uploads\/2025\/11\/Capture-decran-2025-11-30-a-14.49.10-768x699.png 768w, https:\/\/ovee-architecture.fr\/wp-content\/uploads\/2025\/11\/Capture-decran-2025-11-30-a-14.49.10-1536x1398.png 1536w, https:\/\/ovee-architecture.fr\/wp-content\/uploads\/2025\/11\/Capture-decran-2025-11-30-a-14.49.10-2048x1864.png 2048w\" sizes=\"(max-width: 1024px) 100vw, 1024px\" \/>\t\t\t\t\t\t\t\t\t\t\t\t\t\t\t<\/div>\n\t\t\t\t<\/div>\n\t\t\t\t<div class=\"elementor-element elementor-element-fd53b59 elementor-widget elementor-widget-text-editor\" data-id=\"fd53b59\" data-element_type=\"widget\" data-e-type=\"widget\" data-widget_type=\"text-editor.default\">\n\t\t\t\t<div class=\"elementor-widget-container\">\n\t\t\t\t\t\t\t\t\t<h2 style=\"caret-color: #000000; color: #7a7a7a; font-family: var(--heading-font-font-family); font-style: normal; font-variant-caps: normal; letter-spacing: var(--heading-font-letter-spacing); margin-right: auto; margin-bottom: 0px; margin-left: auto; font-weight: var(--heading-font-font-weight); line-height: calc(var(--heading-font-line-height) * (1 + (1 - var(--heading-2-size-value))\/25)); font-size: calc(var(--title-font-size-value) * 1rem); text-align: center; max-width: 100%;\">Mission compl\u00e8te : <strong>SUIVI DE CHANTIER<\/strong><\/h2><div>\u00a0<\/div><div>\u00a0<\/div><div><p data-rte-preserve-empty=\"true\"><span style=\"font-family: Almarai; font-size: 16px; font-style: normal; font-variant-caps: normal; white-space: pre-wrap;\">\u2022<\/span>\u00a0<strong>D\u00e9marches administratives<\/strong> : Pr\u00e9paration des dossiers pour les autorisations n\u00e9cessaires.<br \/><span style=\"font-family: Almarai; font-size: 16px; font-style: normal; font-variant-caps: normal; white-space: pre-wrap;\">\u2022<\/span>\u00a0<strong>Appels d&#8217;offres et s\u00e9lection des entreprises<\/strong> : R\u00e9daction des cahiers des charges et choix des artisans.<br \/><span style=\"font-family: Almarai; font-size: 16px; font-style: normal; font-variant-caps: normal; white-space: pre-wrap;\">\u2022<\/span>\u00a0<strong>Suivi de chantier<\/strong> : Coordination des travaux, gestion des d\u00e9lais et qualit\u00e9 d&#8217;ex\u00e9cution.<br \/><span style=\"font-family: Almarai; font-size: 16px; font-style: normal; font-variant-caps: normal; white-space: pre-wrap;\">\u2022<\/span>\u00a0<strong>R\u00e9ception des travaux<\/strong> : Inspection et validation des finitions, remise des cl\u00e9s.<\/p><\/div>\t\t\t\t\t\t\t\t<\/div>\n\t\t\t\t<\/div>\n\t\t\t\t<\/div>\n\t\t\t\t<\/div>\n\t\t\t\t\t<\/div>\n\t\t\t\t<\/div>\n\t\t<div class=\"elementor-element elementor-element-b0adb6f e-flex e-con-boxed e-con e-parent\" data-id=\"b0adb6f\" data-element_type=\"container\" data-e-type=\"container\">\n\t\t\t\t\t<div class=\"e-con-inner\">\n\t\t\t\t<div class=\"elementor-element elementor-element-52950e1 elementor-widget elementor-widget-spacer\" data-id=\"52950e1\" data-element_type=\"widget\" data-e-type=\"widget\" data-widget_type=\"spacer.default\">\n\t\t\t\t<div class=\"elementor-widget-container\">\n\t\t\t\t\t\t\t<div class=\"elementor-spacer\">\n\t\t\t<div class=\"elementor-spacer-inner\"><\/div>\n\t\t<\/div>\n\t\t\t\t\t\t<\/div>\n\t\t\t\t<\/div>\n\t\t\t\t\t<\/div>\n\t\t\t\t<\/div>\n\t\t\t\t<\/div>\n\t\t","protected":false},"excerpt":{"rendered":"<p>Pr\u00e9stations Mission Partielle : CONCEPTION \u2022 \u00c9tude de l&#8217;existant : Analyse compl\u00e8te du lieu pour en comprendre les sp\u00e9cificit\u00e9s.\u2022 Esquisses et proposition de concept : Exploration des premi\u00e8res id\u00e9es et orientations cr\u00e9atives.\u2022 Affinement du projet : Plans d\u00e9taill\u00e9s, visuels 3D et ajustements selon vos retours.\u2022 Dossier de conception final : Plans d\u2019ex\u00e9cution, d\u00e9tails techniques, et [&hellip;]<\/p>\n","protected":false},"author":1,"featured_media":0,"parent":0,"menu_order":0,"comment_status":"closed","ping_status":"closed","template":"","meta":{"footnotes":""},"class_list":["post-26","page","type-page","status-publish","hentry","entry"],"yoast_head":"<!-- This site is optimized with the Yoast SEO plugin v24.2 - https:\/\/yoast.com\/wordpress\/plugins\/seo\/ -->\n<title>Ov\u00e9e - Ov\u00e9e Architecture<\/title>\n<meta name=\"robots\" content=\"index, follow, max-snippet:-1, max-image-preview:large, max-video-preview:-1\" \/>\n<link rel=\"canonical\" href=\"https:\/\/ovee-architecture.fr\/index.php\/ovee\/\" \/>\n<meta property=\"og:locale\" content=\"en_US\" \/>\n<meta property=\"og:type\" content=\"article\" \/>\n<meta property=\"og:title\" content=\"Ov\u00e9e - Ov\u00e9e Architecture\" \/>\n<meta property=\"og:description\" content=\"Pr\u00e9stations Mission Partielle : CONCEPTION \u2022 \u00c9tude de l&#8217;existant : Analyse compl\u00e8te du lieu pour en comprendre les sp\u00e9cificit\u00e9s.\u2022 Esquisses et proposition de concept : Exploration des premi\u00e8res id\u00e9es et orientations cr\u00e9atives.\u2022 Affinement du projet : Plans d\u00e9taill\u00e9s, visuels 3D et ajustements selon vos retours.\u2022 Dossier de conception final : Plans d\u2019ex\u00e9cution, d\u00e9tails techniques, et [&hellip;]\" \/>\n<meta property=\"og:url\" content=\"https:\/\/ovee-architecture.fr\/index.php\/ovee\/\" \/>\n<meta property=\"og:site_name\" content=\"Ov\u00e9e Architecture\" \/>\n<meta property=\"article:modified_time\" content=\"2025-12-01T10:00:22+00:00\" \/>\n<meta property=\"og:image\" content=\"http:\/\/ovee-architecture.fr\/wp-content\/uploads\/2025\/11\/22-1024x1024.jpg\" \/>\n<meta name=\"twitter:card\" content=\"summary_large_image\" \/>\n<meta name=\"twitter:label1\" content=\"Est. reading time\" \/>\n\t<meta name=\"twitter:data1\" content=\"1 minute\" \/>\n<script type=\"application\/ld+json\" class=\"yoast-schema-graph\">{\"@context\":\"https:\/\/schema.org\",\"@graph\":[{\"@type\":\"WebPage\",\"@id\":\"https:\/\/ovee-architecture.fr\/index.php\/ovee\/\",\"url\":\"https:\/\/ovee-architecture.fr\/index.php\/ovee\/\",\"name\":\"Ov\u00e9e - Ov\u00e9e Architecture\",\"isPartOf\":{\"@id\":\"https:\/\/ovee-architecture.fr\/#website\"},\"primaryImageOfPage\":{\"@id\":\"https:\/\/ovee-architecture.fr\/index.php\/ovee\/#primaryimage\"},\"image\":{\"@id\":\"https:\/\/ovee-architecture.fr\/index.php\/ovee\/#primaryimage\"},\"thumbnailUrl\":\"http:\/\/ovee-architecture.fr\/wp-content\/uploads\/2025\/11\/22-1024x1024.jpg\",\"datePublished\":\"2024-10-09T16:08:02+00:00\",\"dateModified\":\"2025-12-01T10:00:22+00:00\",\"breadcrumb\":{\"@id\":\"https:\/\/ovee-architecture.fr\/index.php\/ovee\/#breadcrumb\"},\"inLanguage\":\"en-US\",\"potentialAction\":[{\"@type\":\"ReadAction\",\"target\":[\"https:\/\/ovee-architecture.fr\/index.php\/ovee\/\"]}]},{\"@type\":\"ImageObject\",\"inLanguage\":\"en-US\",\"@id\":\"https:\/\/ovee-architecture.fr\/index.php\/ovee\/#primaryimage\",\"url\":\"https:\/\/ovee-architecture.fr\/wp-content\/uploads\/2025\/11\/22.jpg\",\"contentUrl\":\"https:\/\/ovee-architecture.fr\/wp-content\/uploads\/2025\/11\/22.jpg\",\"width\":1772,\"height\":1772},{\"@type\":\"BreadcrumbList\",\"@id\":\"https:\/\/ovee-architecture.fr\/index.php\/ovee\/#breadcrumb\",\"itemListElement\":[{\"@type\":\"ListItem\",\"position\":1,\"name\":\"Accueil\",\"item\":\"https:\/\/ovee-architecture.fr\/\"},{\"@type\":\"ListItem\",\"position\":2,\"name\":\"Ov\u00e9e\"}]},{\"@type\":\"WebSite\",\"@id\":\"https:\/\/ovee-architecture.fr\/#website\",\"url\":\"https:\/\/ovee-architecture.fr\/\",\"name\":\"Ov\u00e9e Architecture\",\"description\":\" Architecture, architecture int\u00e9rieure, am\u00e9nagement, d\u00e9coration et art\",\"publisher\":{\"@id\":\"https:\/\/ovee-architecture.fr\/#organization\"},\"potentialAction\":[{\"@type\":\"SearchAction\",\"target\":{\"@type\":\"EntryPoint\",\"urlTemplate\":\"https:\/\/ovee-architecture.fr\/?s={search_term_string}\"},\"query-input\":{\"@type\":\"PropertyValueSpecification\",\"valueRequired\":true,\"valueName\":\"search_term_string\"}}],\"inLanguage\":\"en-US\"},{\"@type\":\"Organization\",\"@id\":\"https:\/\/ovee-architecture.fr\/#organization\",\"name\":\"Ov\u00e9e Architecture\",\"url\":\"https:\/\/ovee-architecture.fr\/\",\"logo\":{\"@type\":\"ImageObject\",\"inLanguage\":\"en-US\",\"@id\":\"https:\/\/ovee-architecture.fr\/#\/schema\/logo\/image\/\",\"url\":\"https:\/\/ovee-architecture.fr\/wp-content\/uploads\/2024\/10\/LOGO-OVEE.png\",\"contentUrl\":\"https:\/\/ovee-architecture.fr\/wp-content\/uploads\/2024\/10\/LOGO-OVEE.png\",\"width\":1165,\"height\":1036,\"caption\":\"Ov\u00e9e Architecture\"},\"image\":{\"@id\":\"https:\/\/ovee-architecture.fr\/#\/schema\/logo\/image\/\"}}]}<\/script>\n<!-- \/ Yoast SEO plugin. -->","yoast_head_json":{"title":"Ov\u00e9e - Ov\u00e9e Architecture","robots":{"index":"index","follow":"follow","max-snippet":"max-snippet:-1","max-image-preview":"max-image-preview:large","max-video-preview":"max-video-preview:-1"},"canonical":"https:\/\/ovee-architecture.fr\/index.php\/ovee\/","og_locale":"en_US","og_type":"article","og_title":"Ov\u00e9e - Ov\u00e9e Architecture","og_description":"Pr\u00e9stations Mission Partielle : CONCEPTION \u2022 \u00c9tude de l&#8217;existant : Analyse compl\u00e8te du lieu pour en comprendre les sp\u00e9cificit\u00e9s.\u2022 Esquisses et proposition de concept : Exploration des premi\u00e8res id\u00e9es et orientations cr\u00e9atives.\u2022 Affinement du projet : Plans d\u00e9taill\u00e9s, visuels 3D et ajustements selon vos retours.\u2022 Dossier de conception final : Plans d\u2019ex\u00e9cution, d\u00e9tails techniques, et [&hellip;]","og_url":"https:\/\/ovee-architecture.fr\/index.php\/ovee\/","og_site_name":"Ov\u00e9e Architecture","article_modified_time":"2025-12-01T10:00:22+00:00","og_image":[{"url":"http:\/\/ovee-architecture.fr\/wp-content\/uploads\/2025\/11\/22-1024x1024.jpg","type":"","width":"","height":""}],"twitter_card":"summary_large_image","twitter_misc":{"Est. reading time":"1 minute"},"schema":{"@context":"https:\/\/schema.org","@graph":[{"@type":"WebPage","@id":"https:\/\/ovee-architecture.fr\/index.php\/ovee\/","url":"https:\/\/ovee-architecture.fr\/index.php\/ovee\/","name":"Ov\u00e9e - Ov\u00e9e Architecture","isPartOf":{"@id":"https:\/\/ovee-architecture.fr\/#website"},"primaryImageOfPage":{"@id":"https:\/\/ovee-architecture.fr\/index.php\/ovee\/#primaryimage"},"image":{"@id":"https:\/\/ovee-architecture.fr\/index.php\/ovee\/#primaryimage"},"thumbnailUrl":"http:\/\/ovee-architecture.fr\/wp-content\/uploads\/2025\/11\/22-1024x1024.jpg","datePublished":"2024-10-09T16:08:02+00:00","dateModified":"2025-12-01T10:00:22+00:00","breadcrumb":{"@id":"https:\/\/ovee-architecture.fr\/index.php\/ovee\/#breadcrumb"},"inLanguage":"en-US","potentialAction":[{"@type":"ReadAction","target":["https:\/\/ovee-architecture.fr\/index.php\/ovee\/"]}]},{"@type":"ImageObject","inLanguage":"en-US","@id":"https:\/\/ovee-architecture.fr\/index.php\/ovee\/#primaryimage","url":"https:\/\/ovee-architecture.fr\/wp-content\/uploads\/2025\/11\/22.jpg","contentUrl":"https:\/\/ovee-architecture.fr\/wp-content\/uploads\/2025\/11\/22.jpg","width":1772,"height":1772},{"@type":"BreadcrumbList","@id":"https:\/\/ovee-architecture.fr\/index.php\/ovee\/#breadcrumb","itemListElement":[{"@type":"ListItem","position":1,"name":"Accueil","item":"https:\/\/ovee-architecture.fr\/"},{"@type":"ListItem","position":2,"name":"Ov\u00e9e"}]},{"@type":"WebSite","@id":"https:\/\/ovee-architecture.fr\/#website","url":"https:\/\/ovee-architecture.fr\/","name":"Ov\u00e9e Architecture","description":" Architecture, architecture int\u00e9rieure, am\u00e9nagement, d\u00e9coration et art","publisher":{"@id":"https:\/\/ovee-architecture.fr\/#organization"},"potentialAction":[{"@type":"SearchAction","target":{"@type":"EntryPoint","urlTemplate":"https:\/\/ovee-architecture.fr\/?s={search_term_string}"},"query-input":{"@type":"PropertyValueSpecification","valueRequired":true,"valueName":"search_term_string"}}],"inLanguage":"en-US"},{"@type":"Organization","@id":"https:\/\/ovee-architecture.fr\/#organization","name":"Ov\u00e9e Architecture","url":"https:\/\/ovee-architecture.fr\/","logo":{"@type":"ImageObject","inLanguage":"en-US","@id":"https:\/\/ovee-architecture.fr\/#\/schema\/logo\/image\/","url":"https:\/\/ovee-architecture.fr\/wp-content\/uploads\/2024\/10\/LOGO-OVEE.png","contentUrl":"https:\/\/ovee-architecture.fr\/wp-content\/uploads\/2024\/10\/LOGO-OVEE.png","width":1165,"height":1036,"caption":"Ov\u00e9e Architecture"},"image":{"@id":"https:\/\/ovee-architecture.fr\/#\/schema\/logo\/image\/"}}]}},"_links":{"self":[{"href":"https:\/\/ovee-architecture.fr\/index.php\/wp-json\/wp\/v2\/pages\/26","targetHints":{"allow":["GET"]}}],"collection":[{"href":"https:\/\/ovee-architecture.fr\/index.php\/wp-json\/wp\/v2\/pages"}],"about":[{"href":"https:\/\/ovee-architecture.fr\/index.php\/wp-json\/wp\/v2\/types\/page"}],"author":[{"embeddable":true,"href":"https:\/\/ovee-architecture.fr\/index.php\/wp-json\/wp\/v2\/users\/1"}],"replies":[{"embeddable":true,"href":"https:\/\/ovee-architecture.fr\/index.php\/wp-json\/wp\/v2\/comments?post=26"}],"version-history":[{"count":236,"href":"https:\/\/ovee-architecture.fr\/index.php\/wp-json\/wp\/v2\/pages\/26\/revisions"}],"predecessor-version":[{"id":1801,"href":"https:\/\/ovee-architecture.fr\/index.php\/wp-json\/wp\/v2\/pages\/26\/revisions\/1801"}],"wp:attachment":[{"href":"https:\/\/ovee-architecture.fr\/index.php\/wp-json\/wp\/v2\/media?parent=26"}],"curies":[{"name":"wp","href":"https:\/\/api.w.org\/{rel}","templated":true}]}}